se -44 = -d*f + 4*w, -2*f - 19 = -3*f - 3*w. Suppose u - f = 3*a + a, -2*u = -4*a - 34. Is u a prime number?
False
Let m be 4 - (1 + 1) - -1. Let g be (0/(m*-1))/(-1). Suppose 3*k + 0*k - 21 = g. Is k a prime number?
True
Let n(d) = 114*d**2 + 2*d + 1. Let m be n(-1). Suppose -3*o + m = 11. Is o prime?
False
Let c(h) = -29*h + 11. Is c(-4) prime?
True
Suppose 77 + 558 = 5*j. Let o = 246 - j. Is o a prime number?
False
Suppose -7*h - 30 = -2*h. Let w(v) = v**3 + 8*v**2 + 3*v - 1. Is w(h) composite?
False
Suppose -4*k + 138 = -10. Is k a composite number?
False
Let w = -3161 - -4494. Is w a composite number?
True
Let i = -146 - -295. Is i a composite number?
False
Let p = -3 - -5. Suppose p*m + 0*l - 94 = -3*l, -94 = -2*m - 2*l. Is m a prime number?
True
Let w(f) = -33*f - 3. Suppose -q - 2*q = 9. Let j be w(q). Suppose 3*i = -3*c + j, 5*c + 62 = 2*i - i. Is i composite?
False
Let v(j) = 212*j**2 - j - 2. Is v(-1) a composite number?
False
Let n(p) = -2*p + 14. Let v be n(5). Suppose v*x - 3*x = 953. Is x a composite number?
False
Is 29120/50 + (-3)/(-5) a prime number?
False
Suppose -4*m + 43 = 3*v, 3*v - 4*m - 29 = -2*v. Let x be (1 - v)/(4/(-14)). Suppose w + x = 5*w. Is w prime?
True
Let v(u) = -u**3 + 2*u + 8. Is v(-7) a composite number?
False
Let t(k) = -31*k**2 - 6*k + 6. Let c(h) = -61*h**2 - 13*h + 13. Let p(o) = 6*c(o) - 13*t(o). Is p(1) composite?
False
Let j be 2/(-2*1/5). Let z be 793/5 + 3/j. Suppose 0 = -2*v + z - 20. Is v a prime number?
False
Let n be 428/18 - 4/(-18). Suppose 3*w + n = 6*w. Suppose f = -2*s + w + 1, -3*f - s = -37. Is f composite?
False
Suppose -2*n - 3*j + 945 = 0, -742 - 675 = -3*n - 4*j. Is n prime?
False
Let b(g) = g + 5. Let a be b(-5). Let q(f) = 26*f**3 + a + 2*f - 1 - 3*f + 2*f. Is q(1) a composite number?
True
Let b = 216 - -75. Is b a prime number?
False
Suppose -p - 819 = -4*f, -3*p + 0 = -3. Is f prime?
False
Is ((-534)/4)/((-10)/20) prime?
False
Suppose 3*n = -k - 1, -k = -5*n - 4*k + 5. Is 1758/(-3)*1/n composite?
False
Suppose -5*d = -2*d - 1230. Suppose 4*r = 2*r + d. Is r prime?
False
Let z(o) = 30*o**2 + 10*o - 5. Is z(-8) composite?
True
Suppose -s = -4*s. Let q be 5 + (s - 0)/3. Suppose -60 + 305 = q*b. Is b prime?
False
Let r(p) = 64*p**2 + 2*p - 2. Let i be r(2). Let d = -143 + i. Is d composite?
True
Let x(q) = q**2 + 10*q + 12. Let p be x(-9). Suppose d + p*d = 156. Is d a composite number?
True
Let r(m) = m + 8. Let o(u) = u + 15. Let v(h) = 3*o(h) - 5*r(h). Let f be v(-8). Is f - (1 - 1)/(-1) prime?
False
Let a be (-5)/10*(-36)/2. Let p be 12/5 + a/15. Is ((-6)/(-15))/(p/75) a composite number?
True
Let h = 5 - 11. Is 4/h + (-293)/(-3) prime?
True
Let g(k) = 18*k**2 - 7*k + 7. Let b = 14 + -10. Is g(b) composite?
True
Suppose 0 = -3*s + 1 + 5. Suppose l + 5*o = s*l - 8, -3*l - 5*o + 124 = 0. Is l composite?
True
Is (-5)/((-10)/3)*(0 - -446) a prime number?
False
Let n = -14 + 53. Let a = 94 - n. Is a a prime number?
False
Suppose -c = -5*w + 4160, w + 0*c = 2*c + 841. Is w prime?
False
Suppose 2*j + 3*p = 891, 758 = 3*j - 2*p - 585. Is j prime?
False
Suppose j + n - 1993 = -3*j, -5*j = -3*n - 2504. Is j a prime number?
True
Suppose -4*f + 5*f = 4*v - 22, -3*f - 2*v + 4 = 0. Let r be 28/(-3) + f/(-6). Let u(b) = -b**3 - 10*b**2 - 13*b - 10. Is u(r) prime?
False
Is 12/8 - (-7415)/10 a composite number?
False
Let u = 6 - -15. Is u a composite number?
True
Suppose -2*x + 9 = -245. Suppose 0 = l - x. Is l a prime number?
True
Is 3389 - (-1 - -1 - -3) a composite number?
True
Let m = -1560 - -1065. Let t = -272 - m. Is t a prime number?
True
Let a = 605 + -331. Suppose -2*w = 4*u - 1116, 4*u + 4*w - 1306 = -186. Suppose -4*i - 5*q = -u, -4*i = -q + 4*q - a. Is i a prime number?
True
Let j(l) = -22*l - 1 - 16*l + 14*l. Let q be (4 - 3) + -3 + 1. Is j(q) composite?
False
Let m = 1 + 1. Let t be 2 - (-69 - (3 - m)). Suppose r - 251 = -4*v - t, 4*r - 4*v - 636 = 0. Is r composite?
False
Let h(y) = 1 - 4 + 7*y - 6. Is h(4) a composite number?
False
Suppose z = 3*i + 479, -2*i - 5*z = -4*i - 315. Let r = 287 + i. Is r composite?
False
Is (-20529)/(-12) - (15/(-12) + 1) a prime number?
False
Let y(o) = 3*o**2 - 6*o + 12. Is y(5) a prime number?
False
Suppose -5*c - 8 = -23. Suppose 0*t = t - 3*k - 2, -c*t + 6 = -4*k. Suppose -101 = -t*h + 5. Is h prime?
True
Let d = 1802 - 1271. Suppose 5*a = -4*p + 1114, -2*a + d - 95 = 4*p. Suppose 4*j = 130 + a. Is j a prime number?
True
Let b(t) = -16*t - 2. Let q be b(-2). Is ((-20)/q)/((-2)/201) prime?
True
Suppose 5*b - 436 = -0*t - 2*t, -5*t - 4*b + 1107 = 0. Is t a prime number?
True
Let t = -3 + 3. Suppose t*y = -5*y + 15. Suppose 0 = b - 52 + y. Is b prime?
False
Let g(w) = -w - 3. Let a be g(-6). Suppose 5*j = j + 2*h - 46, 9 = -a*h. Let m = j + 24. Is m prime?
True
Let l(q) = -q**3 - 5*q**2 + q + 5. Let y be l(-4). Is (-2)/(-6) + (-1180)/y a prime number?
True
Suppose 0*q + 2*q = v + 11, 3*v = -5*q. Let t = -4 - v. Is 226/4*2/t a prime number?
True
Let o be 1/(-5) - (-80)/25. Suppose -o*u = -8*u + 925. Is u a prime number?
False
Suppose -3*w + 123 = -0. Suppose 0 = -k - 5*h + 25, 0 = -0*k + 5*k + 4*h - w. Suppose -k*p + 136 = -p. Is p composite?
True
Let u(c) = -c + 10. Let t be u(8). Is (3/6)/(t/1004) composite?
False
Suppose -2*f - 2*x + 14 = 0, 0 = 7*x - 3*x - 12. Suppose -4*b + f*u = b, 4*u = 0. Suppose b = -0*o - 3*o + 93. Is o prime?
True
Let l be 86/(-7) + (-8)/(-28). Let t be (3 - 4)*(1 + -72). Let c = l + t. Is c a prime number?
True
Let x be (-8700)/(-16) - 3/(-12). Suppose 4*g = -12, 0 = -5*j + g - 96 + x. Is j a prime number?
True
Suppose 0 = -c + 5*a + 274, -c - 2*a + 295 = -0*a. Is c a composite number?
True
Let r(z) = 12*z**2 + 10*z + 4. Let y be r(9). Suppose 5*l - 4*l - y = 0. Is 2/(-3) - l/(-6) a composite number?
True
Let u(y) = y**2 - 8*y. Let r be u(6). Let s be ((-12)/(-5))/(r/(-280)). Suppose -5*t = -t - s. Is t a composite number?
True
Let t be 3 + -2 - (3 + -16). Is (-6)/(-21) - (-962)/t prime?
False
Let b(n) = 2*n**2 + 5*n + 4. Let t(s) = s**2 - 5*s. Let q be t(4). Let p be b(q). Let w = 19 + p. Is w a composite number?
True
Suppose -5*u + 422 = d, 5*u - 319 - 100 = -2*d. Let j = -42 + u. Let r = j - 10. Is r a composite number?
True
Let o = 75 + -6. Is o a prime number?
False
Let k = 1 - -8. Let j = k + -7. Is j prime?
True
Suppose 4*y = 5*y - o - 182, -931 = -5*y - 2*o. Suppose -3*x + 3*r = 2*x - y, -3*x + 82 = 4*r. Suppose x = -0*s + s. Is s a prime number?
False
Suppose -3*i + 0*i + 24 = 0. Suppose c = w - 1, 26 = 4*w + 2*c - i. Is (-4)/w + (-802)/(-6) a composite number?
True
Suppose -3 = 5*q - 4*l - 1, 2*q - 2*l = 0. Is (-47 - (-3 + 0))/q composite?
True
Let h be (285/9 + 2)*3. Let l = h - 6. Suppose -t - l = -6*t. Is t prime?
True
Suppose 0 = 4*v - 0 - 4. Let q(m) = 34*m - 1. Is q(v) composite?
True
Let u(p) = 6*p**2 + 7*p + 2. Let n(i) = i**3 + 5*i**2 + i. Let q be n(-5). Let g be u(q). Suppose -g - 330 = -3*j. Is j prime?
True
Suppose -3*w - 543 = 177. Let p = 380 - w. Suppose 5*r - 292 = 2*k + 353, 0 = 5*r + 3*k - p. Is r a composite number?
False
Suppose -3*z - 4*v = -2425, -v + 2890 = 4*z - 365. Suppose -2*f - 2*k + 12 = -4*k, 4*f - 24 = 2*k. Suppose 0 = f*x - x - z. Is x a prime number?
True
Let a(b) = -b**2 + 4*b + 1. Let z be a(3). Is 0*z/8 + 167 composite?
False
Let o(k) = -k + 9. Let l be o(9). Suppose 192 = 4*q - 0*q + 2*b, q - b - 54 = l. Suppose -f = -6*f + q. Is f composite?
True
Suppose -4*q + 4 = -4. Let p be -2 + 2 - (0 - 363). Suppose -q*m = -5*m + p. Is m a composite number?
True
Let v(z) = -28*z**2 + z - 2. Suppose 0 = -3*l + 7 - 1. Let t be v(l). Let c = t - -163. Is c composite?
True
Let a(i) = 2*i**2 - 5 - 3*i - 5*i**2 - 1. Let f(b) = 4*b**2 + 4*b + 7. Let q(d) = 6*a(d) + 5*f(d). Is q(-6) composite?
False
Suppose -2*t + 4*t = 5*s - 19, -3*t - 9 = -s. Suppose 2*m - s*b - 185 = 0, -5*m = 5*b - 8*b - 476. Is m a composite number?
False
Let u be (-1)/(-2) - (-1)/(-2). Suppose 0*w + 4*w - 48 = u. Is (-1)/4 - (-231)/w prime?
True
Suppose -3*s + 97 = -5*b - 55, 5*s + 3*b = 310. Is -2 + 0 + 0 + s a prime number?
False
Let a = -14 + 0. Is -10*(a/4 - 2) composite?
True
Let j(x) = 122*x**2 + 2*x + 1. Suppose -2*z = z + 4*g - 13, 4*z + 24 = 5*g. Is j(z) composite?
True
Let v(a) = -a**3 - 5*a**2 - 6*a - 